= b + 31 + 6*b - 9*b + 12 - 3*b - b**2. Calculate n(-10).
-7
Let v(x) = 6*x**2 + 26*x - 25. Let n be v(1). Let y(c) be the first derivative of -12 + 1/3*c**3 - 7/2*c**2 - n*c. What is y(6)?
-13
Let v(y) = 13*y**2 + 26*y - 44. Let l(k) = 12*k**2 + 24*k - 41. Let p(n) = -12*l(n) + 11*v(n). Calculate p(-5).
-7
Let i = -5138 + 5128. Let m(c) = -6*c - 58. Calculate m(i).
2
Let z(p) = -14*p - 34. Suppose -5*j + 5*l = 40, -2*j = 3*l + 179 - 183. Calculate z(j).
22
Let m(y) = -y**2 - 2*y + 31. Let n be m(-6). Suppose -n*k - 12 = -5. Let p(u) = u - 1. Calculate p(k).
-2
Suppose 26 = -62*y + 70 + 142. Let w be (-1)/((1/(-1))/2). Let t(v) = -5 - v**3 + v**w + 1 + 2*v + v**2. What is t(y)?
-7
Let h(j) = -j**2 + 2*j + 2. Suppose 0 = 4*t + 4*p - 64, -58*t = -53*t - 5*p - 60. Suppose -3*r - t = 5*d, 0*d + d + 4 = 0. Give h(r).
2
Let r(n) = 4*n + 9. Suppose -5*x = -2*h - 128 - 49, h + 33 = x. Let w = x - -19. Let l = w - 62. Determine r(l).
-15
Let x(d) be the third derivative of -d**4/24 + d**3/6 + d**2. Let s(h) = 2*h - 3. Let z = -4274 + 4271. Let b(o) = z*s(o) - 5*x(o). Give b(5).
-1
Let w(b) = 15*b**3 + 14*b**2 + 29*b + 45. Suppose -13*p + 165 = 87. Let a(y) = -7*y**3 - 7*y**2 - 14*y - 21. Let f(n) = p*w(n) + 13*a(n). Calculate f(-5).
-13
Let m(i) = -i**2 + i. Let s(w) = -3*w**2 - 30*w + 10. Let c(f) = -6*m(f) + s(f). What is c(12)?
10
Let s(v) be the second derivative of -v**6/120 + v**5/30 - v**4/24 + v**3 - 81*v**2/2 - 2*v + 147. Let t(y) be the first derivative of s(y). Give t(3).
-6
Let q(b) = b + 14. Suppose 4687*x = 4709*x - 154. Determine q(x).
21
Let v = -1 - 6. Let t(c) = -12*c**2 - 2*c + 1. Let f(k) = -k**3 + 210*k**2 + 45*k - 10. Let b(i) = -f(i) - 18*t(i). Calculate b(v).
6
Let y(u) = -u**3 - 4*u**2 + 3*u + 10. Let v be ((-210)/25)/((-24)/80). Suppose 20*b = -52 - v. Calculate y(b).
-2
Let t(b) = 3*b**3 - 2*b - 1. Suppose -9*i = 2*i + 330. Let a = i - -34. Suppose -5*z + y = -a*y - 10, -z = 2*y + 7. Calculate t(z).
-2
Let d be 154/(15 + -8) + -6. Let j(a) = a**3 - 15*a**2 - 16*a + 14. Determine j(d).
14
Let y(q) = q**3 + 44*q + 21 - 288*q**2 - 33*q + 159*q**2 + 136*q**2. Determine y(-6).
-9
Let j be 243/54 + 3/(-2). Let z(f) = 298*f - 2*f**2 + j*f**3 + 0*f**3 - 152*f - 149*f. Determine z(-2).
-26
Let d(y) = 6*y - 1. Let v(b) = -b**2 + 21*b - 18. Let h be v(20). Let x be ((-1 + -1)*-4)/(-4 + h). Calculate d(x).
-25
Suppose -1256*h = -1251*h - 5, -2*r - 5*h = 1. Let g(v) = v**2 - 5*v - 23. Determine g(r).
1
Let z be ((-3)/(-27))/1*99/11. Let p(d) = -2*d**2 - d. Let a(r) = -4*r**2 - r - 3. Let h(w) = z*a(w) - p(w). Calculate h(-4).
-35
Let f(o) be the first derivative of -o**3/3 + 5*o**2/2 + 13*o + 1460. Calculate f(8).
-11
Suppose -3*g - 220 = 8*g. Let n be g/(-4)*1/(-1). Let k(d) = -d**2. Calculate k(n).
-25
Suppose -5*u + 216 = 4*i, 3*u - 328*i = -332*i + 136. Let k(x) = -x**3 + 41*x**2 - 40*x - 7. Give k(u).
-7
Let r(u) = 180 - 2*u + 227 + u**3 - 404 + 4*u**2 - 3*u + u. Let c be -1 + (-3)/(3/4). Determine r(c).
-2
Let t be 10/(-6) - (-11)/(198/(-3750)). Let b = -216 - t. Let v(n) be the first derivative of -n**2/2 - 8*n + 2. What is v(b)?
-2
Suppose -13*o + 50176 + 21636 = 0. Let j(s) = -s**2 + s**3 - 5514*s - 3 + o*s + 9*s**2. What is j(-6)?
9
Let z(u) be the third derivative of 1/24*u**4 + 0*u + 0 - 3/2*u**3 - 87*u**2. Calculate z(6).
-3
Suppose 6*y - 15 = 21. Let u be (y/(-2))/(-3 - -2). Let a(x) = 23*x - 14*x - 4*x - 2*x**2 + x**3 - 2. Calculate a(u).
22
Suppose 5*i + 126 = -2*i. Let a = i + 16. Let s be a/(-7) - (-57)/21 - 8. Let y(u) = -u**3 - 4*u**2 + 3*u + 3. Give y(s).
13
Let r(d) be the first derivative of 3/2*d**2 - 49 + 3*d. Suppose 3*t = n - 13, 0 = -t + 5*n - 8*n - 1. Give r(t).
-9
Let c(f) = -43*f**2 - 45*f - 24. Let q(d) = 24*d**2 + 23*d + 13. Let o(u) = 5*c(u) + 9*q(u). Determine o(14).
-59
Let k(d) = 1 + 3*d - 2*d + 0. Suppose 0 = -2*g - 4*p + 68, 2*g + 2960*p - 2958*p = 32. Calculate k(g).
-1
Suppose 6*i + 3*y = 30, 3*i + 7*y - 3 = 12. Let d(t) be the second derivative of -t**5/20 + t**4/4 + 3*t**3/2 - 2*t**2 - t. Determine d(i).
-9
Let g = 63 + -60. Let d = g + 1. Let a(v) = 4 + 4 - d - 5 + v. What is a(-5)?
-6
Let n(f) = -f + 46. Let g(q) = 43. Let k(v) = 7*g(v) - 6*n(v). Determine k(-6).
-11
Let y(a) be the first derivative of a**5/60 + 3*a**4/8 - 13*a**3/3 + 54. Let h(p) be the third derivative of y(p). What is h(-7)?
-5
Let n(b) = b**3 + 2*b**2 + 3*b. Let o(t) = -2*t**3 - 7*t**2 - 9*t + 12. Let m(q) = 3*n(q) + o(q). Calculate m(0).
12
Let o(x) = -x**3 + 7*x**2 + 11*x - 5. Let q(b) = -3*b**3 + 13*b**2 + 21*b - 12. Let r(a) = -5*o(a) + 2*q(a). Give r(-7).
-6
Let t(r) = 2*r**3 - 61*r**2 + 29*r + 30. Let y be t(30). Suppose -2*n = 5*p - 13, -n - 7 = p - 3*p. Let o(s) = 0*s**3 + 1 - 2 - 5*s**3 + 4*s**p. What is o(y)?
-1
Let f = -5987 - -5993. Let g(c) = -5*c + 41. Give g(f).
11
Let o = -734 - -415. Let c = 323 + o. Let d(a) = 3*a + 1. What is d(c)?
13
Let z(k) be the second derivative of -2*k**3/3 - 17*k**2/2 + 41*k. Let x = -885 - -879. Calculate z(x).
7
Let j(r) = 3*r - 6. Let s(u) = -2*u**2 - 25*u + 47. Let a be -104 - (-1 + 0)*-5. Let y = 95 + a. Let i be s(y). What is j(i)?
9
Let h(v) = -v + 5. Let a be h(4). Let y(x) be the first derivative of -9*x**4/4 - x**3/3 + x**2/2 + 12326. Calculate y(a).
-9
Let d(k) = k**2 - 17*k + 53. Let c be 682/77 + (-24)/(-21). Give d(c).
-17
Let s be (-10 + 25)*4/10. Let x be 7*((-3)/s)/(3/(-6)). Let p(a) = -3 - 3*a**2 - 7 + 7*a + a**2 + a**2. Calculate p(x).
-10
Let h(q) = -10*q + 45. Let y be 8/(-20) - 666/(-90). Determine h(y).
-25
Let x = 4 + 2. Let z(i) = 7*i + 5. Let m(n) = 13*n + 7. Let l(v) = -6*m(v) + 11*z(v). Determine l(x).
7
Let q(n) = 3*n - 2. Let h = -2287 - -2292. Let p(g) = 0 + 2 - 5*g + 1. Let a(o) = h*p(o) + 8*q(o). What is a(7)?
-8
Suppose -515*r + 857*r - 342 = 0. Let w(v) be the first derivative of -11*v**3 - v**2 + v + 2. Give w(r).
-34
Let s(p) = 198*p + 19. Let b(a) = -50*a - 3. Let n(m) = 4*b(m) + s(m). Let w(g) = 5 - 3*g**2 + 6*g - g**2 + 5*g**2. Let k be w(-6). Give n(k).
-3
Let u = 291193/12 - 24266. Let x(b) be the second derivative of -1/2*b**2 - 24*b - 2/3*b**3 + 0 + u*b**4. What is x(3)?
-4
Let z(k) be the second derivative of -k**6/120 + k**5/12 - 5*k**4/24 - k**3/3 - 27*k**2/2 + 60*k. Let y(m) be the first derivative of z(m). Calculate y(4).
-6
Suppose 0 = -3*r - 103 + 124. Let b(s) = 94*s - 660. Give b(r).
-2
Let b(c) be the third derivative of c**4/8 + 4*c**3/3 + 50*c**2. Let a be (-11)/(121/33) - 4. Determine b(a).
-13
Let a(j) be the first derivative of -3*j**2/2 + 17*j + 1572. What is a(11)?
-16
Let z(r) be the first derivative of r**2/2 + 8*r + 2468. Give z(-3).
5
Let z(t) = -t**3 - 10*t**2 - 14*t - 6. Suppose 0 = -3*n + 13*n - 20. Suppose n*k - 6*k = 36. What is z(k)?
39
Let i(d) = -5*d + 22. Suppose -4*q - p = 31, 5*p - 8 = 3*q - 2. Let k(j) = -5*j + 18. Let a(t) = q*k(t) + 6*i(t). Calculate a(-6).
-24
Suppose 109*g + 180 = 209*g - 109*g. Let u(t) = -6*t - 27. Determine u(g).
93
Let t(n) = n**3 + 11*n**2 - 30*n + 3. Let s be t(-13). Let a(l) = -31*l**2 + s*l**2 + 4*l + 3 - 23*l**2. Suppose -16 = 2*y + 3*y - 4*o, -2*y = o + 9. Give a(y).
3
Let q(f) = 0 - 3 - 3*f + 2*f + 0*f. Let n be q(0). Let r(a) = a**3 + 3*a**2 + 3*a + 6. Let x(j) = j**2 + j + 2. Let t(z) = -r(z) + 2*x(z). Calculate t(n).
19
Let z(c) = 4*c**3 + 2*c**2 - 12*c + 3. Let b(a) = 3*a**3 - 10*a + 3. Let y(n) = 5*b(n) - 4*z(n). Determine y(-8).
19
Let a(o) = -3*o**2 - 95*o - 80. Let x be a(-31). Let s(n) = 3*n + 48. What is s(x)?
-6
Let t(x) = 12*x + 45. Let f(j) = -2*j + 4. Let k(d) = 4*f(d) + t(d). Determine k(-15).
1
Suppose 5*p + 7 = -2*f, 0*p + 11 = 2*f - p. Let d(h) = 21*h**2 + 5*h + 2. Let v(z) = -37*z**2 - 8*z - 3. Let y(g) = 7*d(g) + 4*v(g). What is y(f)?
-2
Let k(f) = f**3 - 2*f**2 - 7. Suppose 4*m = -126 + 126. Determine k(m).
-7
Let u(f) = -f**3 + 4*f**2 - 2*f + 1. Let z be 5/(-30)*-2*63. Let b be (1 - (-4)/4)*z/6. Suppose -16 = -b*g - 2. Determine u(g).
5
Let k(t) = t - 2. Suppose 0 = 6*u + 117 + 87. Let j = u + 39. Let a(z) = -1. Let n(d) = j*a(d) - 3*k(d). Calculate n(4).
-11
Let v(x) = x**3 - x**2 + 7*x + 20. Suppose 0 = 3*c - 3*q + 39, -c - 6*q + 11*q - 49 = 0. What is v(c)?
-88
Let q(v) = v**2 - 9*v + 24. Let p be q(4). Let w be 25/10*(-6)/(-5). Let z(l) = -3 -